32
Convert -20112 (base 3) to base 7.
-341
-495a (base 12) to base 5
-231103
What is -4010 (base 10) in base 6?
-30322
What is -351 (base 11) in base 6?
-1535
Convert -17819 (base 10) to base 9.
-26388
Convert 1000001110100110 (base 2) to base 4.
20032212
Convert 21202001 (base 3) to base 2.
1011000001100
What is -1b10 (base 15) in base 14?
-21cd
What is -ad35 (base 16) in base 15?
-d211
-3bc9 (base 14) to base 3
-112111022
-8a9 (base 12) to base 4
-110001
What is 185 (base 14) in base 10?
313
What is -10102121 (base 3) in base 2?
-100111000100
-7ae9 (base 16) to base 8
-75351
-4011044 (base 5) to base 12
-3074a
-222 (base 5) to base 12
-52
-117261 (base 8) to base 16
-9eb1
What is -1102431 (base 6) in base 13?
-1c07b
Convert -120221 (base 3) to base 15.
-1da
What is 1488 (base 15) in base 16?
1133
Convert 7a90 (base 13) to base 9.
25515
Convert -d9 (base 16) to base 8.
-331
What is 535 (base 10) in base 8?
1027
What is 1a3 (base 15) in base 11?
314
What is -200100 (base 4) in base 2?
-100000010000
-105 (base 7) to base 11
-4a
Convert -745 (base 9) to base 7.
-1526
Convert -48a (base 16) to base 9.
-1531
b31 (base 12) to base 11
1244
Convert 4a52 (base 11) to base 13.
3000
What is -1132 (base 5) in base 15?
-b2
What is a61 (base 11) in base 7?
3503
-3333 (base 7) to base 11
-9a1
-101113 (base 4) to base 9
-1464
What is -232 (base 13) in base 12?
-277
Convert -d55 (base 15) to base 4.
-232331
Convert -1303 (base 6) to base 5.
-2302
What is 210201 (base 3) in base 11?
493
What is -9e5 (base 15) in base 12?
-1368
Convert 385 (base 11) to base 12.
320
What is 4501 (base 13) in base 8?
22642
Convert 23311 (base 4) to base 2.
1011110101
What is -30561 (base 8) in base 3?
-122100210
-1171 (base 9) to base 2
-1101101010
Convert -301111 (base 4) to base 13.
-158b
-2063b (base 12) to base 10
-42383
Convert -3a50 (base 14) to base 16.
-2816
Convert 7465 (base 9) to base 2.
1010101101110
-110001000111 (base 2) to base 12
-199b
Convert b257 (base 12) to base 14.
70b1
What is 5505 (base 16) in base 11?
15397
What is -721 (base 12) in base 2?
-10000001001
Convert 12a2 (base 11) to base 5.
23220
276 (base 14) to base 4
13300
Convert 4242 (base 9) to base 8.
6054
30b8 (base 16) to base 9
18087
What is 18789 (base 10) in base 15?
5879
What is 450 (base 12) in base 7?
1566
What is 11451 (base 8) in base 5?
124110
22131 (base 6) to base 13
152b
What is 5502 (base 7) in base 8?
3652
-48 (base 10) to base 9
-53
Convert 1025 (base 8) to base 12.
385
-1120 (base 9) to base 5
-11303
What is 12120 (base 6) in base 11?
1375
-656 (base 10) to base 11
-547
-100110000110010 (base 2) to base 12
-b356
What is -565 (base 8) in base 16?
-175
Convert a90 (base 11) to base 15.
5c4
What is 10010000100 (base 2) in base 16?
484
-236430 (base 7) to base 3
-2012010000
What is 1a6c (base 13) in base 4?
332021
Convert -1c29 (base 14) to base 10.
-5133
What is 58 (base 14) in base 5?
303
Convert -5221 (base 8) to base 2.
-101010010001
-2426 (base 8) to base 14
-690
Convert -2301 (base 9) to base 4.
-122212
1117 (base 8) to base 9
726
What is 1223 (base 5) in base 4?
2330
What is -9671 (base 12) in base 14?
-6029
What is -3143 (base 5) in base 7?
-1143
-2224 (base 5) to base 16
-13a
What is -1231010 (base 4) in base 8?
-15504
Convert -34163 (base 7) to base 5.
-234134
8224 (base 10) to base 12
4914
4636 (base 11) to base 15
1c0e
Convert -4606 (base 8) to base 11.
-1917
5603 (base 10) to base 5
134403
What is -104434 (base 6) in base 12?
-511a
Convert -762 (base 14) to base 8.
-2662
What is 4241 (base 6) in base 7?
2542
Convert 5 (base 15) to base 16.
5
What is 434444 (base 6) in base 11?
25083
-1000111101 (base 2) to base 11
-481
Convert -14340 (base 5) to base 13.
-72b
Convert 343 (base 12) to base 15.
223
43b0 (base 15) to base 7
56544
What is -2322110 (base 4) in base 11?
-8a60
Convert -250 (base 6) to base 13.
-7b
-320 (base 8) to base 12
-154
Convert 46e (base 16) to base 5.
14014
Convert -372 (base 16) to base 13.
-52b
What is -21211 (base 6) in base 3?
-10221221
2507 (base 10) to base 2
100111001011
Convert daf (base 16) to base 6.
24115
Convert -303444 (base 7) to base 13.
-1a6a3
-31030 (base 6) to base 12
-2476
Convert -11101101110 (base 2) to base 3.
-2121110
Convert -22bc (base 14) to base 3.
-22021221
Convert 210202001 (base 3) to base 5.
1001400
2827 (base 16) to base 5
312104
What is 52ab (base 16) in base 11?
1499a
What is 217 (base 9) in base 5?
1203
Convert -14b (base 12) to base 4.
-3023
What is 96 (base 11) in base 9?
126
What is 10c5 (base 15) in base 7?
13244
Convert -12444 (base 7) to base 2.
-110011110011
1847 (base 9) to base 11
1081
Convert 19a9 (base 15) to base 3.
21121220
-505520 (base 6) to base 15
-bd6c
What is 2020111 (base 4) in base 14?
3273
-70a (base 13) to base 16
-4a9
Convert 35034 (base 6) to base 7.
20356
Convert 11203 (base 13) to base 8.
74573
Convert -14845 (base 10) to base 6.
-152421
Convert -804 (base 14) to base 16.
-624
-60354 (base 7) to base 16
-3900
-11100111010 (base 2) to base 11
-1432
What is 1010111101111010 (base 2) in base 8?
127572
-111302 (base 4) to base 3
-1220122
-1838a (base 11) to base 8
-62226
12212102 (base 3) to base 6
31445
195 (base 10) to base 7
366
What is 11011 (base 3) in base 11?
a2
-2663 (base 9) to base 7
-5556
-1c23 (base 15) to base 2
-1011111011100
221 (base 15) to base 5
3411
c6 (base 16) to base 14
102
What is -1305 (base 9) in base 5?
-12402
Convert 14414 (base 9) to base 12.
581a
1233 (base 12) to base 8
4007
What is -216 (base 9) in base 2?
-10110001
3d5c (base 16) to base 15
49c3
Convert -2526 (base 8) to base 14.
-6d8
What is 305 (base 9) in base 11?
206
Convert -1028 (base 11) to base 2.
-10101010001
What is 1000101010001 (base 2) in base 12?
2695
What is -2055 (base 7) in base 6?
-3210
Convert -272 (base 15) to base 16.
-22d
Convert -fe7 (base 16) to base 7.
-14604
Convert 154 (base 8) to base 12.
90
Convert -341 (base 12) to base 2.
-111100001
29c8c (base 13) to base 6
1405531
-120412 (base 5) to base 6
-32430
Convert -5ea0 (base 16) to base 12.
-12028
-1001010001 (base 2) to base 16
-251
Convert -551 (base 7) to base 14.
-161
4ac (base 13) to base 6
3442
Convert 2233103 (base 4) to base 2.
10101111010011
What is 11323220 (base 4) in base 5?
1234141
Convert -14200 (base 7) to base 2.
-111100011111
What is -3013011 (base 4) in base 6?
-134553
Convert 784 (base 11) to base 3.
1021210
Convert 109 (base 10) to base 4.
1231
Convert -220444 (base 5) to base 15.
-23d4
What is -3511 (base 14) in base 7?
-35621
-54031 (base 7) to base 8
-32127
What is -75b2 (base 13) in base 3?
-211110021
What is -2d (base 14) in base 15?
-2b
What is -812 (base 11) in base 7?
-2601
Convert -116 (base 13) to base 7.
-356
-267 (base 12) to base 2
-101101111
130140 (base 5) to base 15
1765
Convert -31430 (base 7) to base 9.
-11575
What is -12524 (base 6) in base 11?
-149a
What is 140 (base 11) in base 13?
c9
Convert -76 (base 12) to base 3.
-10100
Convert -20201 (base 4) to base 10.
-545
16d8 (base 16) to base 15
1aed
What is -110212 (base 4) in base 5?
-20233
Convert -2604 (base 7) to base 13.
-5a9
Convert 14b3 (base 13) to base 4.
233023
5630 (base 12) to base 5
301130
What is -3322 (base 5) in base 14?
-250
Convert -100011000100 (base 2) to base 7.
-6354
1010111100 (base 2) to base 15
31a
Convert 3416 (base 8) to base 4.
130032
14110 (base 6) to base 3
10000120
14336 (base 7) to base 5
111242
Convert -12442 (base 7) to base 12.
-1b01
What is 101020110 (base 3) in base 2?
1110100101000
What is 1779 (base 14) in base 13?
1bcb
Convert -1f25 (base 16) to base 7.
-32150
Convert 23b (base 15) to base 14.
282
What is -255 (base 6) in base 13?
-83
What is 1332100 (base 4) in base 9?
12067
What is 2055 (base 12) in base 2?
110111000001
Convert -483 (base 9) to base 4.
-12033
-593 (base 16) to base 7
-4106
-1038 (base 11) to base 12
-964
What is -2135 (base 6) in base 10?
-491
536 (base 9) to base 4
12312
-1011111101100 (base 2) to base 13
-2a31
Convert 102202 (base 4) to base 2.
10010100010
975 (base 10) to base 16
3cf
-177544 (base 8) to base 5
-4043010
What is -222002021 (base 3) in base 8?
-45107
What is -19a (base 15) in base 9?
-451
Convert -12635 (base 12) to base 5.
-1300342
What is -235 (base 14) in base 16?
-1b7
Convert -